o + 933412 = 0, -30*z - 4*o + 466699 = -29*z. Is z a prime number?
False
Suppose -6785 = 5*d - 3*k - 36277, 0 = 5*d + 4*k - 29499. Is d a composite number?
True
Is 84637 - ((-135)/(-180) + (-38)/8) composite?
True
Is (192380354/(-1272))/((-3)/36) a prime number?
True
Let s(b) be the third derivative of 219*b**4/8 + 29*b**3/6 - 4*b**2 + 10*b. Is s(4) composite?
False
Suppose -31*t + 13649 = 3*t - 24329. Is t a prime number?
True
Let y be 3 + 12/(-4) - -8. Let w(r) = 6*r**3 + 9*r**2 + 5*r + 3. Let n be w(y). Suppose -1848 = -2*v - 0*g + 2*g, -n = -4*v + 3*g. Is v a composite number?
False
Let g(l) = -55*l**3 - 9*l**2 - 53*l - 127. Is g(-6) composite?
True
Let o(w) be the first derivative of 2*w**3/3 + 2*w**2 + 3*w - 21. Let i be o(-2). Suppose -645 - 672 = -i*g. Is g prime?
True
Suppose -36*p + 3271207 = -2*p + 3*p. Is p composite?
False
Suppose -6*o = 13343 - 39311. Suppose -o = -16*v + 14*v. Suppose -2*i + 6*i - v = 0. Is i prime?
True
Let m(a) = -a**2 - 27*a - 133. Let k be m(-21). Let p(n) = -422*n + 155. Is p(k) a prime number?
True
Let r = -6194 - -16988. Let f = -4415 + r. Is f a prime number?
True
Let g(z) = -z**3 - 30*z**2 - 12*z - 1122. Is g(-31) a prime number?
True
Suppose 0 = 5*i + 5 - 80. Let h = 17 - i. Suppose -h*u - 10577 = -9*u. Is u prime?
True
Suppose 5*y - 3*s + 27909 = 0, -5*y + s + s - 27906 = 0. Let j = -2926 - y. Is j prime?
False
Let k(m) = 16*m**3 + 2*m**2 + 6*m - 3. Let w be k(3). Suppose -3*v - 2*l + 2028 - w = 0, -5*l = -3*v + 1563. Is v composite?
False
Suppose -4*r + 3*m + 1217 = 0, -2*m = -3*m + 1. Suppose -r = -5*k + 690. Is k a composite number?
False
Let t be 1835/(78/12 - 6). Let j = t - 1419. Is j composite?
False
Suppose 4*l = 6722 - 1426. Let i = 2414 + l. Suppose 15*z - 9*z - i = 0. Is z a composite number?
True
Suppose -528177 = -5*s + 4*n, -2*n - 119023 - 92247 = -2*s. Is s a composite number?
True
Let n(f) = 9765*f**2 + 340*f - 1383. Is n(4) a prime number?
True
Let n(f) be the second derivative of 383*f**4/12 - f**3/3 - f**2/2 + 4*f. Let v = -1690 - -1688. Is n(v) a composite number?
True
Let p be 8/36 + 4/(-18). Suppose g = 4*y + 101 - 7, -2*g + 2*y + 170 = p. Let r = g + -27. Is r prime?
False
Let t(q) = 4*q**2 + 29*q + 78. Let l be t(-4). Let c(v) = 230*v - 243. Is c(l) prime?
True
Let n(m) = 2*m**2 - 35*m - 1. Let b be n(-9). Suppose -7*r - b = -4585. Is r a composite number?
False
Let g = -142 - -191. Is 2/(-7) + (10745/g - 8) a prime number?
True
Suppose 9*i - 11*i = -3*i. Let p be i - (-1)/2*4. Suppose p*c = 29 + 9. Is c composite?
False
Suppose -380 = 5*i - 410. Let r(f) = 7 + 51*f**2 - 4*f - 2 + 0*f. Is r(i) a composite number?
True
Is -2 - 28/(-16) - -269*5476/16 prime?
False
Suppose 4*q + 140 = 2*q. Let t be ((-600)/q)/((-4)/(-238)). Suppose z + 520 = -0*n + 2*n, 4*z = -2*n + t. Is n prime?
False
Suppose -17*i = -1851384 - 1000723. Is i a prime number?
True
Let o(y) = -29*y**2 - 3*y - 5. Let b(a) = -27*a**2 - 2*a - 4. Let m(v) = 6*b(v) - 7*o(v). Let z be ((-2)/(-5))/(1/20). Is m(z) a composite number?
False
Let i(k) = -1880*k + 2591. Is i(-81) prime?
True
Let i(k) = -53190*k - 1123. Is i(-8) composite?
False
Suppose -5*j - 4764 = h, -4*j + j + 19056 = -4*h. Let x = h + 7531. Suppose -2*y = -3*d + x, -3*y - 5104 = -4*d - 1413. Is d a prime number?
True
Let k(p) = -p**2 - 31*p - 14. Let y be k(-15). Let m = 756 - y. Suppose -86 = 12*h - m. Is h prime?
True
Let n(r) = 4*r + 58. Let b be n(-14). Is (-3)/(54/(-121701)) - b/12 a composite number?
False
Suppose -2*v - 12*o + 15*o - 4537 = 0, -5*v - 11351 = o. Let d = 4533 - v. Is d composite?
False
Let l = -28 + 283. Suppose -166 = -z + l. Let v = z + -210. Is v prime?
True
Suppose 5*w = a - 411 - 489, -5*a + 4444 = 3*w. Let h be 1049 - (-1 - (-2 - -2)). Suppose -3*p - h = -l + a, 4*l = -3*p + 7745. Is l composite?
True
Is 742786/(-1045)*830/(-4) composite?
True
Let i(j) = 17*j**3 - j**2 - 4*j. Suppose 0 = -5*q - 53 + 28. Let h be i(q). Is (h/(-20))/(1/(-8)*-6) a prime number?
False
Let m = 431035 - 232908. Is m a composite number?
False
Let u(a) = -2*a**3 + 6*a**2 + 8*a - 5. Let j be (0 + 12)/((-24)/(-16)). Let t be u(j). Is (3/1)/((-21)/t) composite?
False
Let s = -247 - -239. Let g(v) = -493*v - 121. Is g(s) composite?
False
Let l be 7 - (5 + 3/(-3)). Suppose -l*n = -5*r + 5, n + 4*n - 29 = -r. Suppose -r*h + 3*h = -226. Is h prime?
False
Let h = -30275 + 54372. Suppose 5242 - h = -9*r. Is r a prime number?
False
Let o(m) = 18*m + 5. Let p(j) = -j**2 - 17*j - 6. Let x(r) = -3*o(r) - 2*p(r). Let f be 596/1639 - (-300)/22. Is x(f) a composite number?
False
Let k = 339268 + -135615. Is k prime?
True
Suppose -32*m = -42*m - 38190. Let o = 7516 + m. Is o prime?
True
Let i(c) = -164966*c + 2103. Is i(-4) prime?
False
Let v(g) = g**3 + g**2 + 1. Suppose 6 = 12*n - 18*n. Let y be v(n). Is (631/(-4))/(y/(-4)) prime?
True
Suppose 4*f = -d + 130995, 0 = f + 24*d - 22*d - 32747. Is f prime?
True
Let t(a) = 32*a**2 + 28*a + 575. Is t(43) prime?
False
Let p = 306 - 264. Is ((-4487)/p)/((-5)/30) prime?
True
Let o = 150 + -152. Is (-10)/o - 0 - -708 a composite number?
True
Let z = 16 - 10. Suppose -6*q + 252844 - 17734 = 0. Suppose 23*b = z*b + q. Is b a prime number?
False
Let c(w) = 6224*w**2 - 21*w - 11. Let d(t) = 6225*t**2 - 23*t - 13. Let p(n) = 7*c(n) - 6*d(n). Is p(-2) a composite number?
True
Suppose -15*f + 438246 = -234969. Is f a prime number?
False
Let n(b) be the first derivative of 7*b**3 + 3*b**2/2 - b + 2. Suppose 12 = -4*z, v = 8*z - 6*z. Is n(v) prime?
False
Let x(d) = d - 2. Let t be x(6). Suppose 2*z + 34 = t*c, -c + 2*z = -0*z - 1. Suppose 0 = -c*v + 13*v - 446. Is v composite?
False
Let g(f) = -f**3 + f**2 + 3*f + 9. Let a be g(0). Is 14/(-63) - (-2873)/a a composite number?
True
Suppose -2*b + 24 = 4*k, -4*b = 6 - 22. Suppose -3*q = -o + 2782, 2*q + k = 6. Is o a composite number?
True
Suppose 3*u + 4*n - 11621 = 0, 2*n - 1497 - 6247 = -2*u. Is u composite?
True
Suppose 0 = 10*c - 6*c - 95476. Suppose 20*g - c - 21151 = 0. Is g a composite number?
False
Suppose 3*s = -y - 2, 0 = -3*s - 4*y - 13 - 4. Is 3 + -3 - (-756 - (s + -6)) a prime number?
True
Let r(d) = -2*d**2 - 10*d + 22262. Is r(0) composite?
True
Let m be (0 - 6)/6*-2833. Suppose 5465 = 9*x - m. Is x a composite number?
True
Suppose 18290315 = 30*j - 1569709 + 1280934. Is j a composite number?
False
Suppose -f + 4*k + 725691 = 0, -f - 39*k + 725692 = -44*k. Is f composite?
False
Suppose -5*f + 13502 + 51108 = 0. Suppose -2*k = -3*m + 6709, f = 5*m + 5*k + 1732. Is m prime?
True
Let b = -218 - -238. Suppose 139016 = b*z - 12*z. Is z prime?
True
Suppose 4*y - 11067 = y. Suppose -9 = -3*q, 4*q - 1060 - y = -c. Is c composite?
True
Suppose -13*r = -177 + 112. Suppose -i = 4*d, 0 = d + 2*i - 5*i. Suppose -r*k + k + 2980 = d. Is k prime?
False
Suppose -14*j + 27*j = 52. Let l(i) = -i + 4. Let x be l(3). Suppose 2*s + x = -3, -5*f + 3962 = j*s. Is f prime?
False
Suppose 8*r + 110 = 19*r. Let y be 15 - r - (-1 - 15300). Is (-5)/2*y/(-15) composite?
False
Let j = -85444 + 179601. Is j composite?
True
Let b(w) = -w**3 + 36*w**2 + 17*w + 57. Let s be b(27). Is s + (-3)/(-15)*10 a composite number?
False
Let i = 658553 + -415318. Is i prime?
False
Let q(m) = 526*m + 303. Is q(28) composite?
False
Let d(h) = 8995*h - 31. Let y be d(-5). Is -8 - y/14 - (-2)/7 composite?
True
Let n(m) = 746*m**3 - 5*m**2 + 36*m - 127. Is n(4) prime?
True
Is 2683790/18 + 6/27 + (-12)/18 a composite number?
False
Let f be -4 - 1/((-3)/3). Let p(q) be the third derivative of 9*q**5/20 + q**4/4 - q**3/3 + 41*q**2. Is p(f) a composite number?
False
Suppose -58*o - 18 = -64*o. Suppose 32542 = 3*w - 5*j, 39265 = o*w + 4*j + 6768. Is w a prime number?
False
Let s = -64 + 69. Let l(w) = 5*w**3 - 18*w**2 - 2*w - 19. Let g(o) = -4*o**3 + 17*o**2 + 3*o + 19. Let r(j) = s*l(j) + 6*g(j). Is r(-8) a composite number?
False
Suppose -17373 = -12*z + 5427. Suppose -o = -3*u - 1904, z = o + 6*u - 5*u. Is o a composite number?
False
Let z(f) = 2 + 5*f - 3*f**2 - f**2 - 5 - 1 + f**3. Let m be z(2). Is (-4)/m + -1 + 394 a prime number?
False
Let q(r) = -r**3 - 17*r**2 + r + 16. Let t be q(-17). Let u be (3 - 9375/(t + -2)) + -3. Suppose u = 3*c + 974. Is c composite?
True
Suppose 0 = -16*v - 3*v - 178604 + 4198263. Is v a 